 highest common divisor of v and 19.
19
Let b(a) = 12*a + 157. Let s be b(-14). Let h(o) = o + 43. Let r be h(s). What is the greatest common factor of r and 304?
16
Let b = 12028 - 6994. What is the greatest common divisor of 12 and b?
6
Let k be 102 + 5 + -52 + 53. What is the highest common divisor of 9315 and k?
27
Suppose 0 = -2*c - 4*l - 94, 3*l + 7 + 5 = 0. Let q = 180 + -9. Let b = c + q. What is the greatest common factor of 33 and b?
33
Suppose -2*i + 40 = -2*r - r, -4*r = 4*i + 40. Let v(s) = 2*s**2 + 19*s - 41. Let h be v(r). Calculate the highest common divisor of h and 133.
19
Suppose -37*u + 3506 = 398. What is the greatest common factor of u and 189?
21
Let y(a) = a**2 + 2*a + 17. Let j be y(5). Let c(m) = 2*m**3 - 11*m**2 + 20*m - 62. Let r be c(5). What is the highest common factor of r and j?
13
Let j = -315 - -399. Suppose -8*y - 63 = -11*y. What is the highest common factor of j and y?
21
Let i(o) = -9*o - 5 + 13 - 16 - 5*o**2 + 4*o**2. Let n be i(-5). Calculate the highest common factor of 6 and n.
6
Let z = 24390 + -24070. Calculate the highest common factor of z and 7168.
64
Let s = 29 - 11. Suppose -7*o + 10*o = 4*p - 37, -4*o + 85 = 5*p. Suppose -s = p*v - 15*v. What is the highest common divisor of v and 81?
9
Let g(o) = -o**3 + o**2 - 4*o + 150. Let b be (51/12)/17 - (-2)/(-8). Let v be g(b). Calculate the highest common factor of v and 20.
10
Suppose -9*f - 16 = -34. Let x(s) = 73*s + 6. Let a be x(f). What is the greatest common divisor of 57 and a?
19
Suppose 2*k + 66 = z - 144, -3*z = -5*k - 627. Suppose 5*d + m - 628 = 648, 5*m = 2*d - 505. Calculate the greatest common divisor of d and z.
51
Suppose -2*q - 28*q + 420 = 0. What is the greatest common divisor of q and 112?
14
Let t = 25736 - -8716. Calculate the highest common divisor of 99 and t.
99
Let q(k) = -60*k**3 - 3*k**2 - 11*k - 8. Let z be q(-1). Calculate the greatest common divisor of 660 and z.
60
Let g = 736 - 296. Suppose 99*u - 103*u = -g. What is the highest common divisor of 10 and u?
10
Let j(u) = 4*u**2 - 6*u + 7. Suppose -20*n - 2 = -62. Let b be j(n). Calculate the greatest common factor of b and 15.
5
Let k(p) = 4*p**2 - 15*p + 74. Let d be k(4). Suppose d*f - 140 = 74*f. Calculate the highest common factor of 35 and f.
35
Suppose -s - 20 = -66. Let z = s + -42. What is the greatest common divisor of 36 and z?
4
Let x be (12 - (-375)/(-30))/((3/169668)/(-1)). Calculate the greatest common divisor of x and 18.
18
Suppose -3*k = 2*z - 3629, 2*z - 52 = k - 1259. What is the greatest common factor of 780 and k?
39
Suppose 0 = -5*r + r + 28. Let c = -178 - -181. Suppose 3*o - 114 = c*p, 2*p - p - 102 = -3*o. Calculate the highest common divisor of o and r.
7
Suppose 51 = 4*t - 3*o, 60 = 5*t - 4*o + o. Suppose t + 16 = 5*g. Let c = 1 - -4. What is the greatest common factor of c and g?
5
Suppose 783 = 237*u - 228*u. What is the highest common divisor of u and 551?
29
Let z(y) = -3*y**3 - 16*y**2 - 46*y - 29. Let f be z(-8). What is the highest common divisor of 1081 and f?
23
Suppose 221*i = 220*i - 278. Let p = 287 + i. Let s(n) = 4*n**2 + 3*n - 4. Let y be s(-5). Calculate the greatest common divisor of p and y.
9
Let z(g) = 912*g - 3228. Let u be z(6). What is the greatest common divisor of u and 660?
132
Let c(i) = -i**2 - 13*i + 29. Let o be c(-12). Let u = 77 - o. Let l = -343 + 631. What is the greatest common divisor of l and u?
36
Let x = 19799 + -13985. What is the greatest common divisor of 76 and x?
38
Suppose -56*n + 1149 + 1427 = 0. Suppose 0*x + x - 69 = 0. Calculate the highest common factor of n and x.
23
Let n = 267 + -159. Suppose 28*b - 34*b = -n. Calculate the greatest common factor of b and 12.
6
Suppose -m = -3*t - 214, -4*m + 869 = 5*t - 4*t. Suppose -511 = -13*n + m. What is the greatest common divisor of n and 84?
28
Let o(l) = -l**2 - 10*l - 4. Let n be o(-13). Let r = -26 - n. Let a(g) = -57*g + 5. Let u be a(-2). Calculate the greatest common divisor of r and u.
17
Let b(k) = -4*k**3 - 7*k**2 - 11*k - 8. Let f be b(-4). Suppose s - 2*g = 42 - 4, 5*s = 5*g + f. What is the highest common factor of s and 85?
17
Suppose 0 = -3*v + 4*t + 204, -24*t - 60 = -v - 20*t. Suppose -48 = -6*d + 6. What is the greatest common factor of v and d?
9
Suppose -15*p = -11*p - 32. Suppose -4*u - 5*k = -340, -u - 5*k + p*k = -68. What is the highest common factor of u and 48?
16
Let w = 30 + 107. Suppose 3*g = s + 139, -395 = 3*s - 0*s + 2*g. Let l = w + s. What is the highest common factor of l and 1?
1
Let k(q) = -682*q - 1395. Let t be k(-5). Calculate the highest common divisor of t and 39.
13
Suppose 12*b + 1988 = 13496. Calculate the greatest common factor of b and 77.
7
Let n(o) = o**2 - 2*o + 87. Let a be n(-52). What is the highest common divisor of a and 15?
15
Let w(l) = -l**3 + 4*l**2 + 16*l - 11. Let p be (-82)/328 - (58/(-8) + 1). Let r be w(p). Suppose c = 45 + 98. What is the highest common divisor of c and r?
13
Suppose -2*m = -3*m + 64. Suppose k - 55 - 33 = 8*b, 3*b + 27 = 0. Calculate the highest common factor of m and k.
16
Let r(u) = 58*u**2 - 216*u + 22. Let p be r(7). What is the greatest common divisor of p and 364?
52
Suppose -30*y + 1487 = -1346 - 1577. What is the highest common factor of 27 and y?
3
Suppose -29344*o = -29317*o - 5805. Calculate the highest common divisor of 2709 and o.
43
Suppose 4*z + 0*i = i + 133, 4*z - 5*i - 121 = 0. Let g be (z + -50)/((-1)/4). Let s = 11 - -5. What is the highest common factor of s and g?
16
Let f = 19914 + -10935. Calculate the highest common divisor of f and 123.
123
Let d = -361 + -395. Let g = d - -765. What is the greatest common factor of 36 and g?
9
Let o(x) = 12*x - 11. Let s be o(5). Let q = 6 - 0. Suppose 43 = 4*a + 3*y, -2*y - q = 2*a - 30. Calculate the highest common divisor of s and a.
7
Let s(c) = 3*c**3 - 52*c**2 + 231*c + 11. Let u be s(17). What is the greatest common factor of u and 89?
89
Let x(m) = -145*m + 209*m - 142*m - 10. Let f be x(-3). What is the greatest common factor of 64 and f?
32
Let l be (-107)/4 - (5 - (-76)/(-16)). Let q = -23 - l. Let s be 14*-4*(-8)/16. Calculate the highest common factor of q and s.
4
Let x(s) be the first derivative of 13*s**3/3 + 6*s**2 + 20*s + 185. Let h be x(-2). What is the greatest common divisor of h and 160?
16
Suppose -x - 49 = -8*x. Let v(m) = 18 - x - 11*m - 3*m + 4. Let f be v(-5). What is the highest common divisor of f and 34?
17
Suppose -39 + 165 = 3*c. Suppose 0 = -4*n + 885*w - 886*w + 19, -w + 1 = n. Calculate the greatest common factor of c and n.
6
Let b be (15/(315/14))/((-2)/(-12)). Suppose 3*z + 4*g - 488 = 0, -b*g + 23 - 3 = 0. Calculate the greatest common divisor of z and 390.
78
Let f be (-2)/32 + 2415/240. Calculate the greatest common divisor of f and 1390.
10
Let f(a) = -a**2 - 5*a + 9. Suppose 8*k + 76 = 44. Let y be f(k). Calculate the highest common divisor of y and 247.
13
Let n(r) = -3*r - 10. Let d be n(-16). Let y be ((-114)/d)/((-11)/4 + 2). Let s = 10 + -8. Calculate the highest common factor of s and y.
2
Suppose -334*c - 232 + 1259 + 3983 = 0. Let s = 749 + -134. What is the greatest common divisor of s and c?
15
Suppose -5*a + 4*f + 158 = 0, 2*a + 2*f = -0*a + 74. Let g = 125 - a. What is the greatest common divisor of g and 14?
7
Let m(k) = -18*k - 54. Let n be m(-5). Let u be (13 - 1)*441/n. What is the highest common divisor of u and 42?
21
Suppose 948 = -9*r - 3237. Let s = 473 + r. What is the greatest common factor of s and 232?
8
Let v = -308 - -665. What is the greatest common divisor of v and 2737?
119
Let d = -848 - -1086. Let b(m) = -m**2 - 14*m - 6. Let t be b(-10). Calculate the greatest common divisor of t and d.
34
Let c = -25 - -33. Let b(r) = 2*r**3 - r**2 - 8*r + 11. Let s be b(5). Let m = -108 + s. Calculate the highest common factor of m and c.
8
Suppose 147*c - 136*c = 3487. Let v = c - 264. What is the greatest common factor of v and 265?
53
Let k be 304/(-6)*-2*(-51)/(-4). Suppose -3*g - 557 = -k. Calculate the highest common divisor of g and 35.
35
Let v(x) = 2*x**2 + 45*x - 50. Suppose -10*r = -19*r - 216. Let y be v(r). What is the highest common factor of 2 and y?
2
Suppose -21*b + 4769 = 1934. Calculate the highest common factor of 30 and 